{"id":54,"date":"2026-02-19T10:26:21","date_gmt":"2026-02-19T09:26:21","guid":{"rendered":"https:\/\/ibuicas.iesfuente.com\/?page_id=54"},"modified":"2026-03-05T11:00:00","modified_gmt":"2026-03-05T10:00:00","slug":"los-jugos-olimpicos","status":"publish","type":"page","link":"https:\/\/ibuicas.iesfuente.com\/","title":{"rendered":"Los juegos ol\u00edmpicos"},"content":{"rendered":"\n<p class=\"has-black-color has-white-background-color has-text-color has-background has-link-color wp-elements-c059bb5663fbc6cb7f16e4f05d5eaa12\">Los&nbsp;<strong>Juegos Ol\u00edmpicos<\/strong>&nbsp;son&nbsp;<mark>el mayor evento deportivo internacional multidisciplinario del mundo, donde participan atletas de m\u00e1s de 200 naciones<\/mark>. Se celebran cada cuatro a\u00f1os y representan la m\u00e1xima cita del deporte global.<\/p>\n\n\n<div class=\"wp-block-image is-style-default\">\n<figure class=\"aligncenter size-full is-resized\"><img loading=\"lazy\" decoding=\"async\" width=\"275\" height=\"183\" src=\"https:\/\/ibuicas.iesfuente.com\/wp-content\/uploads\/2026\/02\/juegos-olimpico.jpeg\" alt=\"\" class=\"wp-image-59\" style=\"width:351px;height:auto\"\/><\/figure>\n<\/div>\n\n\n<p><\/p>\n\n\n\n<div class=\"wp-block-columns is-layout-flex wp-container-core-columns-is-layout-9d6595d7 wp-block-columns-is-layout-flex\">\n<div class=\"wp-block-column is-vertically-aligned-bottom is-layout-flow wp-block-column-is-layout-flow\" style=\"flex-basis:100%\">\n<div class=\"wp-block-columns is-layout-flex wp-container-core-columns-is-layout-9d6595d7 wp-block-columns-is-layout-flex\">\n<div class=\"wp-block-column is-layout-flow wp-block-column-is-layout-flow\" style=\"flex-basis:100%\">\n<div class=\"wp-block-buttons has-white-background-color has-background is-layout-flex wp-block-buttons-is-layout-flex\">\n<div class=\"wp-block-button is-style-outline is-style-outline--1\"><a class=\"wp-block-button__link has-white-color has-white-background-color has-text-color has-background has-link-color wp-element-button\">.<\/a><\/div>\n\n\n\n<div class=\"wp-block-button is-style-outline is-style-outline--2\"><a class=\"wp-block-button__link has-black-color has-pale-cyan-blue-background-color has-text-color has-background has-link-color wp-element-button\" href=\"https:\/\/ibuicas.iesfuente.com\/origenes\/\">Or\u00edgenes<\/a><\/div>\n\n\n\n<div class=\"wp-block-button is-style-fill\"><a class=\"wp-block-button__link has-white-color has-white-background-color has-text-color has-background has-link-color wp-element-button\">.<\/a><\/div>\n\n\n\n<div class=\"wp-block-button is-style-outline is-style-outline--3\"><a class=\"wp-block-button__link has-black-color has-pale-cyan-blue-background-color has-text-color has-background has-link-color wp-element-button\" href=\"https:\/\/ibuicas.iesfuente.com\/mitologia\/\">Mitolog\u00eda<\/a><\/div>\n\n\n\n<div class=\"wp-block-button is-style-outline is-style-outline--4\"><a class=\"wp-block-button__link has-white-color has-white-background-color has-text-color has-background has-link-color wp-element-button\">.<\/a><\/div>\n\n\n\n<div class=\"wp-block-button is-style-outline is-style-outline--5\"><a class=\"wp-block-button__link has-black-color has-pale-cyan-blue-background-color has-text-color has-background has-link-color wp-element-button\" href=\"https:\/\/ibuicas.iesfuente.com\/juegos\/\">Juegos<\/a><\/div>\n\n\n\n<div class=\"wp-block-button is-style-outline is-style-outline--6\"><a class=\"wp-block-button__link has-white-color has-white-background-color has-text-color has-background has-link-color wp-element-button\">.<\/a><\/div>\n\n\n\n<div class=\"wp-block-button is-style-outline is-style-outline--7\"><a class=\"wp-block-button__link has-black-color has-pale-cyan-blue-background-color has-text-color has-background has-link-color wp-element-button\" href=\"https:\/\/ibuicas.iesfuente.com\/atletas-inolvidables\/\">Atletas<\/a><\/div>\n<\/div>\n\n\n\n<div class=\"wp-block-buttons has-white-background-color has-background is-layout-flex wp-block-buttons-is-layout-flex\"><\/div>\n<\/div>\n<\/div>\n\n\n\n<div class=\"wp-block-buttons is-content-justification-center is-layout-flex wp-container-core-buttons-is-layout-16018d1d wp-block-buttons-is-layout-flex\"><\/div>\n<\/div>\n<\/div>\n\n\n\n<p><\/p>\n","protected":false},"excerpt":{"rendered":"<p>Los&nbsp;Juegos Ol\u00edmpicos&nbsp;son&nbsp;el mayor evento deportivo internacional multidisciplinario del mundo, donde participan atletas de m\u00e1s de 200 naciones. Se celebran cada cuatro a\u00f1os y representan la&hellip;<\/p>\n","protected":false},"author":1,"featured_media":0,"parent":0,"menu_order":0,"comment_status":"closed","ping_status":"closed","template":"","meta":{"footnotes":""},"class_list":["post-54","page","type-page","status-publish","hentry"],"_links":{"self":[{"href":"https:\/\/ibuicas.iesfuente.com\/index.php?rest_route=\/wp\/v2\/pages\/54","targetHints":{"allow":["GET"]}}],"collection":[{"href":"https:\/\/ibuicas.iesfuente.com\/index.php?rest_route=\/wp\/v2\/pages"}],"about":[{"href":"https:\/\/ibuicas.iesfuente.com\/index.php?rest_route=\/wp\/v2\/types\/page"}],"author":[{"embeddable":true,"href":"https:\/\/ibuicas.iesfuente.com\/index.php?rest_route=\/wp\/v2\/users\/1"}],"replies":[{"embeddable":true,"href":"https:\/\/ibuicas.iesfuente.com\/index.php?rest_route=%2Fwp%2Fv2%2Fcomments&post=54"}],"version-history":[{"count":17,"href":"https:\/\/ibuicas.iesfuente.com\/index.php?rest_route=\/wp\/v2\/pages\/54\/revisions"}],"predecessor-version":[{"id":129,"href":"https:\/\/ibuicas.iesfuente.com\/index.php?rest_route=\/wp\/v2\/pages\/54\/revisions\/129"}],"wp:attachment":[{"href":"https:\/\/ibuicas.iesfuente.com\/index.php?rest_route=%2Fwp%2Fv2%2Fmedia&parent=54"}],"curies":[{"name":"wp","href":"https:\/\/api.w.org\/{rel}","templated":true}]}}